(-7) a composite number?
False
Let q(v) = 12*v**2 + 7*v - 3. Let b be q(6). Suppose 7*f - 4*f = b. Is f composite?
False
Suppose -12*s + 556 = -8*s. Is s composite?
False
Let g(i) = 279*i**2. Let n be g(1). Suppose -u - s + 139 = u, 0 = 4*u + 3*s - n. Is u prime?
False
Let h(l) = -145*l + 10. Is h(-3) composite?
True
Let v(k) = 44*k - 2. Let p be v(3). Let d = 217 - p. Is d prime?
False
Let n = -7 - -12. Suppose f = 17 - n. Suppose k + 2*k + f = 0, 0 = 2*r - 5*k - 46. Is r a prime number?
True
Let n = -119 - -330. Is n a composite number?
False
Let z = -15 + 2978. Is z a composite number?
False
Let f be -8*-2*(-3)/(-12). Suppose -l + f = -190. Is l composite?
True
Let v = -4 - -6. Let a be 2 - (v - 1) - 0. Is (a/3)/(1/69) prime?
True
Suppose 0*s + 575 = s + 2*g, 4*s - g = 2255. Suppose -6*r + r + s = 0. Is r a prime number?
True
Suppose 0 = -2*d + 4*u + 7788 + 742, -u + 12795 = 3*d. Is d a prime number?
False
Suppose -2*t + 925 = 3*t. Is t composite?
True
Suppose -g + 52 = 3*g. Suppose 2*x = g + 1. Is x prime?
True
Let f(t) = 15*t**2 + 2*t + 3. Let i be f(-5). Suppose b - 214 = i. Suppose b = 5*z + 7. Is z a prime number?
False
Suppose 15 = 3*z, -4*j - 4*z + 1452 = -444. Is j prime?
False
Let a(q) = 16*q**2 + 6*q + 5. Is a(-9) a prime number?
False
Suppose -2*o = -5*d + 3*d + 30, -d - 4*o = -35. Is d a composite number?
False
Let r(u) = -u**3 + 7*u**2 + 6*u - 1. Let w = 15 + -10. Is r(w) a prime number?
True
Let p be 4/10 - 6865/(-25). Suppose 0 = -z + 4, -2*h + 2*z - p = 57. Let b = -85 - h. Is b prime?
False
Let i = 16 - 11. Suppose 4*q + 7 = -5, 0 = -i*x - 5*q + 790. Is x a composite number?
True
Let u = 176 + -105. Is u prime?
True
Let n(r) = -177*r + 4. Is n(-5) a prime number?
False
Suppose v + 4*v = s + 17, 2*v - 3*s = 12. Let n = -1 + v. Suppose -n*f = -4*f + 178. Is f a prime number?
True
Suppose -p - 4 = p + 4*s, 6 = -2*s. Suppose p*j - 1307 = -0*j - 3*r, 2*r - 1639 = -5*j. Is j prime?
False
Let x(s) = 6*s + 29. Is x(8) prime?
False
Let w(n) be the second derivative of n**3/6 - 2*n**2 - n. Let v be w(7). Suppose -2*t - v = -41. Is t a composite number?
False
Suppose -160 = -s + 22. Let l = 6 - 2. Is (s/l*-2)/(-1) a prime number?
False
Let z(p) be the first derivative of p**4/4 + 17*p**3/3 + 11*p**2/2 + 7*p - 7. Is z(-16) composite?
True
Let v(m) = -m**3 + 6*m**2 - 5*m - 2. Let x be v(4). Suppose -2 - x = 2*i. Is (-2)/i - (-276)/9 prime?
True
Let o(i) = 0 + 51*i - 9*i + 5 + 23*i. Suppose r - 4 = -w - 4*r, -4*w + 16 = 4*r. Is o(w) prime?
False
Let c = -255 - -490. Is c a composite number?
True
Let h(v) = 57*v - 8. Let x be h(4). Let c = 381 - x. Is c composite?
True
Let b(h) = -2*h + 8. Let m be b(4). Is (-230)/4*(-2 - m) composite?
True
Let t be (-144)/(-84) + 4/14. Suppose t*v + v - 177 = 0. Is v composite?
False
Let o = 55 - 8. Let x(w) = -w**2 - w + 2. Let h be x(0). Is (o/h)/((-2)/(-4)) composite?
False
Suppose 9*c - 11*c + 102 = 0. Is c a prime number?
False
Let t(h) = -2*h**3 - 6*h**2 + 3*h - 2. Let r = 0 + -1. Let x(m) = 5*m. Let v be x(r). Is t(v) composite?
False
Let i be (-7 - -6)/((-1)/8). Suppose -2 = 3*a - 4*a. Is a/i + (-315)/(-4) a prime number?
True
Let n(m) = 291*m**2 - 1. Let b be n(-1). Suppose 3*i = i + b. Is i composite?
True
Let t(o) be the third derivative of 41*o**6/24 + o**5/60 - o**4/24 - 5*o**2. Is t(1) a composite number?
True
Let o(s) = 2*s**3 - 23*s**2 - 9*s + 18. Let y(j) = -j**3 + 11*j**2 + 4*j - 9. Let z(x) = -4*o(x) - 9*y(x). Is z(7) a prime number?
False
Suppose -2*s + 4 = -0. Suppose -3*b + 146 + 969 = -s*y, -4*b = 2*y - 1482. Is b a prime number?
False
Suppose -2*c + c = 2*x - 257, 3*x - 510 = -2*c. Suppose 0 = 3*n + 4*r - c, -2*n + 127 = -r - 50. Is n a prime number?
False
Let z(l) = -4*l**3 - 5*l**2 - 5*l - 5. Is z(-4) a composite number?
False
Let a = -416 + 795. Is a prime?
True
Let h(p) be the third derivative of 0 + 5/24*p**4 + 0*p + 1/6*p**3 + 1/30*p**5 - 2*p**2. Is h(-5) composite?
True
Suppose -2*w - 21180 = -4*f, 0 = f + 3*f - 5*w - 21192. Is f prime?
False
Suppose 0 = 2*c - 2*y - 602, c + 4*y = -2*c + 882. Is c a prime number?
False
Suppose 11 = 2*b + 5*f, -f = 3*b - 0*f - 10. Is (-1)/2*(-11 - b) composite?
False
Suppose 9*k = 5*k + 20. Suppose 131 = 2*f - b, 5*b = k*f + b - 323. Suppose -2*p = -p - f. Is p a prime number?
True
Suppose 0 = -i - 4*i + 725. Is i a prime number?
False
Let o = 34 - 11. Let z = -4 + o. Is z a composite number?
False
Let i(g) = -5 + 0 + 1 + 112*g + 3. Is i(1) prime?
False
Suppose -794 = m - 3*m. Is m a prime number?
True
Let g(k) = 18*k - 1. Let m be g(5). Let c = m - 44. Suppose 3*v - 38 = -3*h + 7, -3*v - 2*h + c = 0. Is v a prime number?
False
Suppose -3166 = -9*a + 875. Is a composite?
False
Suppose -5*g + 3*f - 439 = -0*g, 0 = 2*g + 4*f + 160. Let a = 883 + g. Is a prime?
True
Let h(z) = -41*z + 6. Is h(-5) composite?
False
Is 6 + -3 - (0 - 146) a prime number?
True
Let g = -28 - -16. Let m be (-2)/(-3) - (-1412)/g. Let x = -70 - m. Is x a prime number?
True
Let t(d) = -d**3 - 3*d**2 + 2*d - 3. Let w be t(-4). Suppose -2*i - 951 = -5*s, w*s - 762 = -i + 195. Is s prime?
True
Let y = 17 + -54. Let x = 1 - 0. Is (0 + (-1)/x)*y prime?
True
Let h(s) = s**3 - 8*s**2 + 7*s + 4. Let w be h(7). Suppose 0 = o + w*m - 630 - 11, -5*o + 3*m + 3159 = 0. Suppose -2*j = -5*j + o. Is j a prime number?
True
Let k be 8/28 + 54/7. Suppose -k + 0 = -4*v. Suppose -41 = -v*g - 5*b + 39, 3*g = -5*b + 115. Is g composite?
True
Suppose -l + 4*h + 4253 = 2*l, 0 = 2*h - 8. Is l composite?
False
Let r(p) = -p**3 + 5*p**2 - p. Suppose 0*u = -x - u - 9, 3*x = -u - 25. Let b be r(x). Suppose 4*k - b = 4*a, 4 = 3*a + a. Is k a composite number?
False
Suppose 0*g = 4*g + 412. Let n(z) = z**3 + 11*z**2 + 5*z + 20. Let s be n(-8). Let d = s + g. Is d prime?
False
Let n(h) = -h**2 + 5*h. Let i(l) = 3*l**2 + 1. Let w be i(1). Let j be n(w). Suppose 2*v + 2*c = -v + 69, -46 = -2*v - j*c. Is v prime?
True
Suppose -4*x - 4*f + 488 = 0, -2*x + 102 = -2*f - 142. Suppose -4*w + x = -114. Is w composite?
False
Let s = 11 - 8. Suppose -i - 9 = -s*m, -5*i + 6 + 9 = -3*m. Is (1 - i)/(2/(-4)) a prime number?
False
Suppose -3*p - 340 = -4*y, -2*y + 4*p + 80 = -90. Suppose h + n - 52 = 0, -2*n - 140 = -5*h + y. Is h a composite number?
False
Let b(l) = -41*l + 6. Suppose 4 = 2*i + 18. Is b(i) a prime number?
True
Let v(t) = 18*t**2 + 2*t + 1. Let f(c) = -37*c**2 - 4*c - 2. Let g(a) = 6*f(a) + 13*v(a). Suppose -3*o + 0 = 3. Is g(o) composite?
False
Suppose 188 = -4*t - 72. Let k = 99 + t. Suppose v - k - 19 = 0. Is v a prime number?
True
Let s(c) = c**3 + 4*c**2 - 5*c + 3. Let o be s(-5). Let k be (0 - o) + 5/1. Suppose -105 = -5*q - 0*f - k*f, -5*q = 5*f - 120. Is q composite?
False
Let v = -12 - -18. Suppose -o - 4 = 2*n - 4*n, 4*n - 3*o = v. Suppose -n*z + 15 + 3 = 0. Is z a prime number?
False
Let f = 1286 + 337. Is f prime?
False
Suppose 2*q + 80 = -s, -121 - 81 = 5*q + 2*s. Let z = -5 + q. Is (z/2)/((-3)/6) a prime number?
True
Suppose 4*s = 2*l - s - 6, 3*l - 9 = 4*s. Let g(p) = 25*p + 8. Let m(n) = -12*n - 4. Let i(v) = 3*g(v) + 5*m(v). Is i(l) a prime number?
False
Let g = -247 + 353. Suppose -g - 105 = -t. Is t composite?
False
Suppose -3*p = 3*j - 30, -2*p + 6 = -5*j - 7. Suppose 3*i = p + 39. Suppose -4*n = -28 - i. Is n a composite number?
False
Let u = -8 - -7. Is (-371 - u)*3/(-6) prime?
False
Let b = -454 - -1961. Is b a prime number?
False
Let z(u) = 3*u + 7. Let f be z(-13). Is (-3 + 2)*(f - -1) composite?
False
Suppose -s - 3 = 0, s = -g - 0*s + 2. Suppose 3*q + 46 = g*q. Is q prime?
True
Let d(k) = -12*k**2 + k + 1. Let u be d(-1). Let z = u - -47. Is -3*(-3)/9*z a prime number?
False
Let z(p) be the second derivative of 29*p**3/6 + p. Is z(3) prime?
False
Let y(g) = 83*g + 7. Let h be y(-4). Let j = h - -578. Is j a prime number?
False
Is (-30)/50 + 27856/10 a prime number?
False
Let l(n) = n**3 + 15*n**2 + 10*n - 11. Let y = 57 + -80. Let m = y - -11. Is l(m) a composite number?
True
Suppose -44 = -k + 59. Let q = k + 108. Is q a prime number?
True
Is ((-13)/(-2))/(1/138*3) composite?
True
Let q(r) = 9*r**2 + 8*r - 3. Let d be q(3). Suppose d = g - 19. Is g a composite number?
True
Let c = 396 - 161. Is c a prime number?
False
Let h(i) = 5*i**2 + 2*i - 3. Let g = 4 - 2. Is h(g) 